rue
Suppose b + 2*t + 49 = 48, 2*b - 10 = -t. Let d(m) be the first derivative of 26*m**2 + 7*m - 1. Is d(b) a composite number?
True
Let c be (6/(-9))/(3*4/(-162)). Suppose -c*a + 6148 = -5*a. Is a composite?
True
Let n be (-4)/((-1)/(0 - -1)). Let f(l) be the second derivative of 5*l**4/12 + l**3/3 - 3*l**2/2 - 27*l. Is f(n) composite?
True
Suppose -4*g = -v - 0*g + 8739, -2*v + 17487 = g. Is v a composite number?
True
Suppose 4642 = 4*p + 2*q - q, 2*q - 1164 = -p. Suppose 8*g = p + 2144. Is g a composite number?
True
Let h(v) = v**2 + 17*v + 19. Let i be h(-16). Suppose 0 = i*s + 3*p - 186, 5*s - 374 = -3*p - 62. Suppose 2*z = 5*z - s. Is z prime?
False
Let x(y) = -2*y**3 + 6*y**2 + 9*y - 8. Let d(s) = -s**2 - 12*s - 23. Let z be d(-7). Suppose -5*f + z - 42 = 0. Is x(f) a prime number?
False
Suppose 4*d = i - 26151, -37570 = -2*i + 2*d + 14756. Is i prime?
False
Suppose -55276 = 20*b - 22*b - 2*v, -27620 = -b + 5*v. Is b prime?
False
Let m be (-150)/(-45) - -1*(-2)/6. Suppose 5*n - 5980 - 3507 = -3*w, m*n + w = 5689. Is n a composite number?
True
Suppose v + 0 = -1. Let o be -905 - (0/v + 3). Let g = -537 - o. Is g a composite number?
True
Let n be (-4)/(-2 + (-4 - -4)) - 7. Is 2/n + 8 + 11097/5 composite?
True
Let m = -60 + 1247. Is m prime?
True
Let q = 530 - -179. Let j = q - 395. Is j prime?
False
Suppose 47 - 53 = 3*t. Let h(c) = -595*c - 9. Is h(t) a prime number?
True
Suppose 4*i = 2*f - 488, i = 4*i + 5*f + 379. Suppose -w + 67 - 339 = 0. Let m = i - w. Is m composite?
False
Let o = 12238 + 472. Suppose 2816 = -6*p + o. Is p composite?
True
Suppose -5*o = -4*b + 3012, -2*b + 3012 = 2*b + 4*o. Is b composite?
True
Suppose -424 = -6*r + 4*r + 5*v, -v + 219 = r. Is r a composite number?
True
Let u(w) = w**3 - 5*w**2 - 5*w + 7. Let z be u(6). Suppose 0 = -2*a - k + 23, 0 = 3*a + 5*k - z - 18. Suppose 6*j = 2*j + a. Is j prime?
True
Let a = 141 + -121. Let q(x) = 28*x - 27. Is q(a) a composite number?
True
Suppose -5*m - v = -20, -5*m = -3*m - v - 1. Suppose -m*z = -6*z. Suppose 3*u - 4*o = 859, -o = -5*u - z*o + 1460. Is u a composite number?
False
Suppose 633 = 3*y + 39. Suppose 0*o - y = 2*o. Let l = -28 - o. Is l a prime number?
True
Is (-4111)/2*3/((-15)/20) prime?
False
Let f = 891 - 403. Suppose 4*j - f = 980. Is (-1 - -2)*j/1 composite?
False
Let s be 0/2 + 3 + 8. Let u(a) = -a**2 + 17*a + 14. Let j be u(s). Suppose -4*f + j = -196. Is f a composite number?
True
Suppose -j = 3*j + 428. Let x = 204 + j. Suppose 78 = 5*o - x. Is o a prime number?
False
Suppose 0 = 5*w - 5*s - 2 - 8, -5*w + s + 18 = 0. Suppose -w*t - 426 = -7*t. Is t a composite number?
True
Let v = 388 - 867. Let c = -276 - v. Is c composite?
True
Let g(m) = 4*m**3 - 6*m**2 - 4*m + 4. Let l be (-5 + 0)*(-3)/(-3). Let n(x) = x**3 + x**2 - 1. Let p(d) = l*n(d) + g(d). Is p(-12) prime?
False
Let v = 2699 - 480. Is v prime?
False
Let b = 17 + -15. Suppose 3*a - 6 = b*a. Is a/(-12)*(-69 + 1) a composite number?
True
Let s be 10/(-3 - 21/(-6)). Suppose 5*p - 2*q - 1 - s = 0, -3*p = 5*q + 6. Suppose 3*v = 3*w - 1176, w = p*v - 5*v + 407. Is w composite?
False
Suppose 3*o - 754 = -j, -7*j = -2*o - 3*j + 498. Is (-4 - (-7 - -4))/((-1)/o) prime?
True
Let a be -3 + (-4)/(16/(-92)). Let j = 22 - a. Suppose j*t - 515 + 7 = 0. Is t a prime number?
False
Let k be 4174/8 + 1/4. Let r = 2528 - k. Suppose 3*u - r = u. Is u a prime number?
False
Let v = -24 - -80. Let f be (-348)/(-14) - (-8)/v. Let y = f - -138. Is y prime?
True
Suppose -10*d - 27030 + 142220 = 0. Is d a composite number?
False
Suppose 2*h - 282022 = 3*l, 0 = 2*h - l - 241040 - 40982. Is h a composite number?
True
Suppose -33 = 10*k + 17. Let g = 502 + k. Is g composite?
True
Suppose k = -4*k + 5. Suppose 0 = -3*a + k - 13. Is (-240)/(-9) + a/6 a composite number?
True
Let x = -37 - -55. Is 2/(-6) - (-21570)/x a composite number?
True
Suppose -3*i - h - 10 = -i, -2*i = 5*h + 26. Let u be (24/10)/i*-5. Suppose 0 = -4*f - 4, 808 = u*b - f - 3*f. Is b composite?
True
Suppose -6*n + 8*n - 4 = 0. Is 1/n + 5958/24*2 a composite number?
True
Let w(a) = 113*a - 7. Let d = -15 - -19. Is w(d) a prime number?
False
Let l(j) = -j**2 - 7*j + 3. Let b(v) = v**2 + 6*v - 4. Let k(g) = 4*b(g) + 3*l(g). Suppose 2*a + 2*y + 1 + 1 = 0, -3*a + 4*y - 38 = 0. Is k(a) composite?
False
Let n be (-4 - 0 - 0) + 1. Let v be -2 + 8/(n - -5). Suppose -8 + 22 = v*k. Is k prime?
True
Let z be 4/(-6) + 46/6. Let l(x) = x**2 - 7*x + 2. Let m be l(z). Suppose -m*o - 133 = -3*o. Is o a composite number?
True
Let i(h) = 63*h**3 + 1 + 2*h**3 + 64*h**3 - h + 0. Is i(2) a composite number?
False
Suppose -2*r = -8, -4*m - 5*r = -r - 76. Let s = m + 144. Is s a prime number?
False
Suppose -4*b = -4*o + 9*o - 9951, 4*o - 3*b = 7936. Is o a composite number?
False
Suppose -3*v = c - 13, 3*v - 2*c + 5*c - 3 = 0. Let q(s) = 2*s**3 - 2*s**2 + 5*s + 5. Is q(v) prime?
False
Let k(z) = -z + 213. Let u be 0/(((-2)/1)/(-2)). Suppose -6*d + 7*d = u. Is k(d) composite?
True
Let u be -3 + (-12)/(-4) + -1 + 1. Suppose -3*b - 2*q + 353 = u, 0 = q + 7 - 2. Is b composite?
True
Suppose b - 5 = -15. Let o(w) = -15*w + 5. Is o(b) prime?
False
Suppose -z + 2*l + 9331 = 3350, -3*z = 2*l - 17943. Is z composite?
False
Let m = -435 + 621. Suppose 578 + m = 4*b. Is b a prime number?
True
Let r = 39 + -37. Is ((-10)/5 - r) + 2102 composite?
True
Let i = -492 + 53. Let q = i + 768. Is q a prime number?
False
Suppose f - 63511 = -5*j - 11053, -52493 = -f + 2*j. Is f a composite number?
True
Suppose 0 = -5*m - v - 801, 9*v - 4*v + 785 = -5*m. Let s = -72 - m. Is s composite?
False
Suppose -4666 = -3*h - 5*i, 4*i - 1489 - 1619 = -2*h. Let u = h + -823. Is u composite?
False
Suppose 0 = 5*r - 12 - 8. Suppose 0 = -5*y - 0*f - 2*f + 1603, 0 = 4*y - r*f - 1260. Is y a prime number?
False
Let l(m) = -617*m**3 - m**2 - m - 3. Let f be l(-2). Suppose -7*p + 872 = -f. Is p a composite number?
False
Let a(k) = -k**3 - 43*k**2 - 60*k + 31. Is a(-43) composite?
True
Let p(r) = 4*r**2 - 4*r**2 - r**3 + 161. Suppose x = 6*x. Is p(x) composite?
True
Let a(g) = -458*g - 93. Is a(-14) a prime number?
False
Let g be 2/3 - 26/39. Suppose 0 = 4*v + 3*p - 2117, 0 = v - g*p + p - 528. Let o = -286 + v. Is o prime?
False
Suppose -4*z + 3*v = 4, 0 = 2*z - z - v + 2. Suppose -20 = -4*h, z*a = -a + 3*h + 1116. Suppose a = 2*o + 2*u - u, 15 = -3*u. Is o prime?
True
Let y(n) = 5*n + 13. Let d(i) = -2*i - 6. Let f(u) = -7*d(u) - 3*y(u). Let r be f(0). Let t(j) = 20*j**2 + 4*j - 7. Is t(r) prime?
False
Suppose 0*n - 2659358 = -58*n. Is n prime?
False
Suppose -931505 = -3*q + 2*k, -35*q + 40*q = -3*k + 1552483. Is q composite?
True
Suppose 26*l - 355845 = 5*l. Is l a composite number?
True
Let k = 9531 + 5962. Is k composite?
False
Let q(s) = s**2 + s - 3. Let f be q(-3). Let g = f - 3. Suppose 0 = -h - 5 + 10, g = -2*y - 3*h + 253. Is y a prime number?
False
Suppose 43*i - 28*i - 424005 = 0. Is i a composite number?
True
Let h(s) be the second derivative of 1/6*s**4 + s**3 + 0 - 5/2*s**2 + 5*s. Is h(4) a prime number?
False
Let m = 195293 + -76632. Is m a prime number?
True
Suppose 2*l + 1 + 1 = 0. Let w(b) = -741*b + 2 - 944*b - 3 + 495*b. Is w(l) a composite number?
True
Let j be 397 + 4/16 + (-2)/8. Let a = 1044 - j. Is a composite?
False
Let c(t) = -25*t**2 - 23*t + 18. Let f(d) = 13*d**2 + 11*d - 9. Let g(a) = -3*c(a) - 5*f(a). Is g(8) a composite number?
False
Suppose 0 = -5*x + 2*t - 18106 + 5096, 5*x + 5*t + 13045 = 0. Let b = -421 - x. Is b composite?
True
Let m(w) = -304*w - 111. Is m(-43) a composite number?
True
Let c(z) = 24*z**3 - 15*z**2 + 28*z - 7. Is c(8) prime?
False
Suppose 4*q + 0*q - 4*v = 1020, -1305 = -5*q - v. Suppose 0*d + 3*d = 2*j - q, 0 = -4*j - d + 506. Is j a composite number?
False
Let f(s) = s**2 - 2*s + 2. Let b be f(0). Suppose -l - 437 = -b*l - 3*g, 5*g + 819 = 2*l. Is l composite?
True
Suppose 9*q - 162857 - 462292 = 0. Is q composite?
True
Let g = -9 + 13. Let l(r) = 3*r - 6. Let k be l(g). Is 1516/3 + (-2)/k a prime number?
False
Let h(s) = s**3 - 7*s**2 - 6*s - 11. Let c be h(8). Suppose -6*i = -c*i - 13. Suppose 8*k = i*k - 105. Is k a prime number?
False
Suppose -24 - 4 = -4*q - 2*x, -3*q - 4*x = -31. Suppose -5*y + 7 + 3 = q*d, 2*d = 4*y - 2. Is (18/12)/(y/2) prime?
